{"id":748,"date":"2023-03-17T02:22:58","date_gmt":"2023-03-17T02:22:58","guid":{"rendered":"https:\/\/abrilverde.com.br\/portal\/?page_id=748"},"modified":"2023-03-19T03:01:08","modified_gmt":"2023-03-19T03:01:08","slug":"fatos-historicos","status":"publish","type":"page","link":"https:\/\/abrilverde.com.br\/portal\/fatos-historicos\/","title":{"rendered":"Fatos Hist\u00f3ricos"},"content":{"rendered":"\t\t<div data-elementor-type=\"wp-page\" data-elementor-id=\"748\" class=\"elementor elementor-748\">\n\t\t\t\t\t\t\t\t\t<section class=\"elementor-section elementor-top-section elementor-element elementor-element-2e34332 elementor-section-boxed elementor-section-height-default elementor-section-height-default wpr-particle-no wpr-jarallax-no wpr-parallax-no wpr-sticky-section-no\" data-id=\"2e34332\" data-element_type=\"section\">\n\t\t\t\t\t\t<div class=\"elementor-container elementor-column-gap-default\">\n\t\t\t\t\t<div class=\"elementor-column elementor-col-100 elementor-top-column elementor-element elementor-element-0ec3a82\" data-id=\"0ec3a82\" data-element_type=\"column\">\n\t\t\t<div class=\"elementor-widget-wrap elementor-element-populated\">\n\t\t\t\t\t\t\t\t<div class=\"elementor-element elementor-element-faff638 elementor-widget elementor-widget-heading\" data-id=\"faff638\" data-element_type=\"widget\" data-widget_type=\"heading.default\">\n\t\t\t\t<div class=\"elementor-widget-container\">\n\t\t\t<style>\/*! elementor - v3.11.5 - 14-03-2023 *\/\n.elementor-heading-title{padding:0;margin:0;line-height:1}.elementor-widget-heading .elementor-heading-title[class*=elementor-size-]>a{color:inherit;font-size:inherit;line-height:inherit}.elementor-widget-heading .elementor-heading-title.elementor-size-small{font-size:15px}.elementor-widget-heading .elementor-heading-title.elementor-size-medium{font-size:19px}.elementor-widget-heading .elementor-heading-title.elementor-size-large{font-size:29px}.elementor-widget-heading .elementor-heading-title.elementor-size-xl{font-size:39px}.elementor-widget-heading .elementor-heading-title.elementor-size-xxl{font-size:59px}<\/style><h2 class=\"elementor-heading-title elementor-size-default\">Como surgiu o Abril Verde?<\/h2>\t\t<\/div>\n\t\t\t\t<\/div>\n\t\t\t\t<div class=\"elementor-element elementor-element-eaf1f8b elementor-drop-cap-yes elementor-drop-cap-view-default elementor-widget elementor-widget-text-editor\" data-id=\"eaf1f8b\" data-element_type=\"widget\" data-settings=\"{&quot;drop_cap&quot;:&quot;yes&quot;}\" data-widget_type=\"text-editor.default\">\n\t\t\t\t<div class=\"elementor-widget-container\">\n\t\t\t<style>\/*! elementor - v3.11.5 - 14-03-2023 *\/\n.elementor-widget-text-editor.elementor-drop-cap-view-stacked .elementor-drop-cap{background-color:#818a91;color:#fff}.elementor-widget-text-editor.elementor-drop-cap-view-framed .elementor-drop-cap{color:#818a91;border:3px solid;background-color:transparent}.elementor-widget-text-editor:not(.elementor-drop-cap-view-default) .elementor-drop-cap{margin-top:8px}.elementor-widget-text-editor:not(.elementor-drop-cap-view-default) .elementor-drop-cap-letter{width:1em;height:1em}.elementor-widget-text-editor .elementor-drop-cap{float:left;text-align:center;line-height:1;font-size:50px}.elementor-widget-text-editor .elementor-drop-cap-letter{display:inline-block}<\/style>\t\t\t\t<p><b><img loading=\"lazy\" decoding=\"async\" class=\"size-medium wp-image-691 alignleft\" src=\"https:\/\/abrilverde.com.br\/portal\/wp-content\/uploads\/2023\/03\/MARCA-OFICIAL-ABRILVERDE-RGB-DEC-VERDE-1-298x300.png\" alt=\"\" width=\"298\" height=\"300\" srcset=\"https:\/\/abrilverde.com.br\/portal\/wp-content\/uploads\/2023\/03\/MARCA-OFICIAL-ABRILVERDE-RGB-DEC-VERDE-1-298x300.png 298w, https:\/\/abrilverde.com.br\/portal\/wp-content\/uploads\/2023\/03\/MARCA-OFICIAL-ABRILVERDE-RGB-DEC-VERDE-1-1018x1024.png 1018w, https:\/\/abrilverde.com.br\/portal\/wp-content\/uploads\/2023\/03\/MARCA-OFICIAL-ABRILVERDE-RGB-DEC-VERDE-1-150x150.png 150w, https:\/\/abrilverde.com.br\/portal\/wp-content\/uploads\/2023\/03\/MARCA-OFICIAL-ABRILVERDE-RGB-DEC-VERDE-1-768x773.png 768w, https:\/\/abrilverde.com.br\/portal\/wp-content\/uploads\/2023\/03\/MARCA-OFICIAL-ABRILVERDE-RGB-DEC-VERDE-1-1527x1536.png 1527w, https:\/\/abrilverde.com.br\/portal\/wp-content\/uploads\/2023\/03\/MARCA-OFICIAL-ABRILVERDE-RGB-DEC-VERDE-1.png 1842w\" sizes=\"auto, (max-width: 298px) 100vw, 298px\" \/>O Abril Verde<\/b><\/p><div align=\"justify\"><p>O Movimento Abril Verde, uma iniciativa do <a href=\"https:\/\/www.sintespar.com.br\/\" target=\"_blank\" rel=\"noopener\">Sindicato dos T\u00e9cnicos de Seguran\u00e7a do Estado do Paran\u00e1<\/a>, tem como intuito trazer \u00e0 sociedade a quest\u00e3o da seguran\u00e7a e sa\u00fade do trabalhador brasileiro. A mobiliza\u00e7\u00e3o se faz necess\u00e1ria para tratar do tema das V\u00edtimas de Acidentes e Doen\u00e7as do Trabalho com o objetivo maior de reduzir os acidentes de trabalho e os agravos \u00e0 sa\u00fade do trabalhador, e mobilizar o envolvimento da sociedade, dos \u00f3rg\u00e3os de governos, empresas, entidades de classe, associa\u00e7\u00f5es, federa\u00e7\u00f5es, sociedade civil organizada para prevenir e alertar sobre os problemas que ocorrem no mundo do trabalho e em decorr\u00eancia do mesmo. Essa iniciativa quer trazer sa\u00fade e a preven\u00e7\u00e3o para dentro do local onde passamos grande parte do nosso dia, da nossa vida e produzimos a riqueza do Brasil.<br \/>\u00c9 desejo dos criadores do Abril Verde que este se torne conhecido mundialmente.<\/p><p><b>Por que nos apoiar?<\/b><br \/>Apoiar essa iniciativa \u00e9 acreditar que se pode fazer mais por um trabalho saud\u00e1vel e sem acidentes. Somente com o envolvimento, com a troca de informa\u00e7\u00f5es, \u00e9 que se pode favorecer uma cultura de preven\u00e7\u00e3o \u00e0 vida e \u00e0 sa\u00fade no ambiente de trabalho. Seja um apoiador e tenha sua marca associada a uma a\u00e7\u00e3o de valor social. \u00c9 com sua ajuda que podemos chegar cada vez mais longe, atingir cada vez mais pessoas e salvar cada vez mais vidas.<\/p><p><b>Como o Movimento Abril Verde surgiu?<\/b><br \/>O Dia Mundial da Seguran\u00e7a e Sa\u00fade do Trabalho est\u00e1 marcado no calend\u00e1rio em 28 de abril. Desde o ano de 2003, a data ficou fixada por conta de um acidente grave que aconteceu em Virg\u00ednia, nos Estados Unidos, em 1969.<br \/>O acidente de trabalho foi marcado pela explos\u00e3o de uma mina, que resultou na morte de 78 trabalhadores. Al\u00e9m dessa data, no dia 07 de abril \u00e9 representado o Dia Mundial da Sa\u00fade.<\/p><p><b>Objetivo<\/b><br \/>O Abril Verde tem como objetivo conscientizar a popula\u00e7\u00e3o trabalhadora a respeito de sa\u00fade e seguran\u00e7a do trabalho, com o intuito de reduzir o n\u00famero de acidentes de trabalho e problemas ocupacionais de sa\u00fade.<br \/>Falar sobre o Abril Verde \u00e9 essencial em todas as empresas visto que o Brasil ocupa a quarta posi\u00e7\u00e3o no ranking mundial de acidentes de trabalho.<\/p><p><b>Que dia \u00e9 comemorado o abril verde?<\/b><br \/>28 de abril, mas se extende por todo o m\u00eas de abril<\/p><p><b>Por que a cor verde ?<\/b><br \/>A Hist\u00f3ria do Abril Verde Para conscientizar a popula\u00e7\u00e3o, foi escolhida a cor verde para o m\u00eas de Abril, simbolizando a seguran\u00e7a trabalhista. J\u00e1 o m\u00eas de Abril foi escolhido baseando-se no Dia Mundial em Mem\u00f3ria \u00e0s V\u00edtimas de Acidentes de Trabalho, comemorado no dia 28 de Abril.<\/p><p>Criado como um movimento de iniciativa da popula\u00e7\u00e3o, o Abril Verde conta com a participa\u00e7\u00e3o volunt\u00e1ria e espont\u00e2nea de pessoas que desejam apontar a necessidade para a implanta\u00e7\u00e3o de uma nova cultura<br \/>para a preven\u00e7\u00e3o de acidentes de trabalho e doen\u00e7as ocupacionais. O objetivo \u00e9 garantir seguran\u00e7a, tranquilidade e melhores condi\u00e7\u00f5es trabalhistas para todos os brasileiros.<\/p><p><b>Por que Abril ?<\/b><br \/>No dia 28 de abril, pessoas de todo o mundo celebram o \u201cDia Mundial em Mem\u00f3ria das V\u00edtimas de Acidentes e Doen\u00e7as do Trabalho\u201d. A data foi institu\u00edda por iniciativas de sindicatos canadenses e escolhida em raz\u00e3o de um acidente que matou 78 trabalhadores em uma mina no estado da Virg\u00ednia, nos Estados Unidos, em 1969. No Brasil, em maio de 2005, foi promulgada a Lei No. 11.121, criando o Dia Nacional em Mem\u00f3ria das V\u00edtimas de Acidentes e Doen\u00e7as do Trabalho. No dia 07 de abril \u00e9 celebrado o dia Mundial da Sa\u00fade, institu\u00edda pela Organiza\u00e7\u00e3o Mundial da Sa\u00fade, que define: a sa\u00fade \u00e9 um estado de completo bem-estar f\u00edsico, mental e social e n\u00e3o apenas a aus\u00eancia de doen\u00e7a ou enfermidade. Criada em 1948, a data tem como objetivo conscientizar a popula\u00e7\u00e3o a respeito da qualidade de vida e dos diferentes fatores que afetam a sa\u00fade populacional.<\/p><p><b>Em mem\u00f3ria<\/b><br \/>Em 28 de abril n\u00f3s lamentamos aqueles que morreram. No entanto, as mortes no trabalho tamb\u00e9m s\u00e3o um lembrete de que todos os n\u00edveis de governo s\u00e3o fundamentais para fazer mais por leis de sa\u00fade e seguran\u00e7a e vigorosamente julgar viola\u00e7\u00f5es quando um trabalhador \u00e9 morto ou gravemente ferido. \u00c9 tempo de tratamento justo e igualit\u00e1rio perante a lei para mortes e acidentes de trabalho.<\/p><\/div>\t\t\t\t\t\t<\/div>\n\t\t\t\t<\/div>\n\t\t\t\t\t<\/div>\n\t\t<\/div>\n\t\t\t\t\t\t\t<\/div>\n\t\t<\/section>\n\t\t\t\t\t\t\t<\/div>\n\t\t","protected":false},"excerpt":{"rendered":"<p>Como surgiu o Abril Verde? O Abril Verde O Movimento Abril Verde, uma iniciativa do Sindicato dos T\u00e9cnicos de Seguran\u00e7a do Estado do Paran\u00e1, tem como intuito trazer \u00e0 sociedade a quest\u00e3o da seguran\u00e7a e sa\u00fade do trabalhador brasileiro. A mobiliza\u00e7\u00e3o se faz necess\u00e1ria para tratar do tema das V\u00edtimas de Acidentes e Doen\u00e7as do &hellip;<\/p>\n","protected":false},"author":1,"featured_media":0,"parent":0,"menu_order":0,"comment_status":"closed","ping_status":"closed","template":"","meta":{"_joinchat":[],"footnotes":""},"class_list":["post-748","page","type-page","status-publish",""],"_links":{"self":[{"href":"https:\/\/abrilverde.com.br\/portal\/wp-json\/wp\/v2\/pages\/748","targetHints":{"allow":["GET"]}}],"collection":[{"href":"https:\/\/abrilverde.com.br\/portal\/wp-json\/wp\/v2\/pages"}],"about":[{"href":"https:\/\/abrilverde.com.br\/portal\/wp-json\/wp\/v2\/types\/page"}],"author":[{"embeddable":true,"href":"https:\/\/abrilverde.com.br\/portal\/wp-json\/wp\/v2\/users\/1"}],"replies":[{"embeddable":true,"href":"https:\/\/abrilverde.com.br\/portal\/wp-json\/wp\/v2\/comments?post=748"}],"version-history":[{"count":47,"href":"https:\/\/abrilverde.com.br\/portal\/wp-json\/wp\/v2\/pages\/748\/revisions"}],"predecessor-version":[{"id":929,"href":"https:\/\/abrilverde.com.br\/portal\/wp-json\/wp\/v2\/pages\/748\/revisions\/929"}],"wp:attachment":[{"href":"https:\/\/abrilverde.com.br\/portal\/wp-json\/wp\/v2\/media?parent=748"}],"curies":[{"name":"wp","href":"https:\/\/api.w.org\/{rel}","templated":true}]}}