{"id":739,"date":"2023-03-17T02:14:24","date_gmt":"2023-03-17T02:14:24","guid":{"rendered":"https:\/\/abrilverde.com.br\/portal\/?page_id=739"},"modified":"2023-03-22T11:54:07","modified_gmt":"2023-03-22T14:54:07","slug":"ods","status":"publish","type":"page","link":"https:\/\/abrilverde.com.br\/portal\/ods\/","title":{"rendered":"ODS"},"content":{"rendered":"<p><img loading=\"lazy\" decoding=\"async\" class=\"alignnone wp-image-1308\" src=\"https:\/\/abrilverde.com.br\/portal\/wp-content\/uploads\/2023\/03\/Certificado-de-Adesao-300x169.png\" alt=\"\" width=\"774\" height=\"436\" srcset=\"https:\/\/abrilverde.com.br\/portal\/wp-content\/uploads\/2023\/03\/Certificado-de-Adesao-300x169.png 300w, https:\/\/abrilverde.com.br\/portal\/wp-content\/uploads\/2023\/03\/Certificado-de-Adesao-1024x576.png 1024w, https:\/\/abrilverde.com.br\/portal\/wp-content\/uploads\/2023\/03\/Certificado-de-Adesao-768x432.png 768w, https:\/\/abrilverde.com.br\/portal\/wp-content\/uploads\/2023\/03\/Certificado-de-Adesao.png 1280w\" sizes=\"auto, (max-width: 774px) 100vw, 774px\" \/><\/p>\n<h1><em>Objetivos de Desenvolvimento Sustent\u00e1vel\u00a0<\/em><\/h1>\n<p>Os\u00a0<b>Objetivos de Desenvolvimento Sustent\u00e1vel<\/b>\u00a0(ODS) (ou\u00a0<b>Objetivos Mundiais para o Desenvolvimento Sustent\u00e1vel<\/b>) s\u00e3o uma cole\u00e7\u00e3o de 17 metas globais, estabelecidas pela\u00a0<a title=\"Assembleia Geral das Na\u00e7\u00f5es Unidas\" href=\"https:\/\/pt.wikipedia.org\/wiki\/Assembleia_Geral_das_Na%C3%A7%C3%B5es_Unidas\">Assembleia Geral das Na\u00e7\u00f5es Unidas<\/a>. Os ODS s\u00e3o parte da Resolu\u00e7\u00e3o 70\/1 da Assembleia Geral das Na\u00e7\u00f5es Unidas: &#8220;Transformando o nosso mundo: a Agenda 2030 para o Desenvolvimento Sustent\u00e1vel&#8221;,<sup id=\"cite_ref-1\" class=\"reference\"><a href=\"https:\/\/pt.wikipedia.org\/wiki\/Objetivos_de_Desenvolvimento_Sustent%C3%A1vel#cite_note-1\">[1]<\/a><\/sup>\u00a0que depois foi encurtado para\u00a0<b>Agenda 2030<\/b>.<sup id=\"cite_ref-:3_2-0\" class=\"reference\"><a href=\"https:\/\/pt.wikipedia.org\/wiki\/Objetivos_de_Desenvolvimento_Sustent%C3%A1vel#cite_note-:3-2\">[2]<\/a><\/sup>\u00a0As metas s\u00e3o amplas e interdependentes, mas cada uma tem uma lista separada de metas a serem alcan\u00e7adas. Atingir todos os 169 alvos indicaria a realiza\u00e7\u00e3o de todos os 17 objetivos. Os ODS abrangem quest\u00f5es de desenvolvimento social e econ\u00f4mico, incluindo pobreza,\u00a0<a title=\"Fome\" href=\"https:\/\/pt.wikipedia.org\/wiki\/Fome\">fome<\/a>,\u00a0<a title=\"Sa\u00fade\" href=\"https:\/\/pt.wikipedia.org\/wiki\/Sa%C3%BAde\">sa\u00fade<\/a>,\u00a0<a title=\"Educa\u00e7\u00e3o\" href=\"https:\/\/pt.wikipedia.org\/wiki\/Educa%C3%A7%C3%A3o\">educa\u00e7\u00e3o<\/a>,\u00a0<a title=\"Aquecimento global\" href=\"https:\/\/pt.wikipedia.org\/wiki\/Aquecimento_global\">aquecimento global<\/a>,\u00a0<a class=\"mw-redirect\" title=\"Igualdade de g\u00eanero\" href=\"https:\/\/pt.wikipedia.org\/wiki\/Igualdade_de_g%C3%AAnero\">igualdade de g\u00eanero<\/a>,\u00a0<a title=\"\u00c1gua\" href=\"https:\/\/pt.wikipedia.org\/wiki\/%C3%81gua\">\u00e1gua<\/a>,\u00a0<a title=\"Saneamento\" href=\"https:\/\/pt.wikipedia.org\/wiki\/Saneamento\">saneamento<\/a>,\u00a0<a title=\"Energia el\u00e9trica\" href=\"https:\/\/pt.wikipedia.org\/wiki\/Energia_el%C3%A9trica\">energia<\/a>,\u00a0<a title=\"Urbaniza\u00e7\u00e3o\" href=\"https:\/\/pt.wikipedia.org\/wiki\/Urbaniza%C3%A7%C3%A3o\">urbaniza\u00e7\u00e3o<\/a>,\u00a0<a title=\"Meio ambiente\" href=\"https:\/\/pt.wikipedia.org\/wiki\/Meio_ambiente\">meio ambiente<\/a>\u00a0e\u00a0<a title=\"Justi\u00e7a social\" href=\"https:\/\/pt.wikipedia.org\/wiki\/Justi%C3%A7a_social\">justi\u00e7a social<\/a>.<sup id=\"cite_ref-3\" class=\"reference\"><a href=\"https:\/\/pt.wikipedia.org\/wiki\/Objetivos_de_Desenvolvimento_Sustent%C3%A1vel#cite_note-3\">[3]<\/a><\/sup><\/p>\n<p>O par\u00e1grafo 54 da Resolu\u00e7\u00e3o A\/RES\/70\/1 da Assembleia Geral das Na\u00e7\u00f5es Unidas, de 25 de setembro de 2015, cont\u00e9m os objetivos e metas.<sup id=\"cite_ref-4\" class=\"reference\"><a href=\"https:\/\/pt.wikipedia.org\/wiki\/Objetivos_de_Desenvolvimento_Sustent%C3%A1vel#cite_note-4\">[4]<\/a><\/sup>\u00a0O processo liderado pela\u00a0<a class=\"mw-redirect\" title=\"ONU\" href=\"https:\/\/pt.wikipedia.org\/wiki\/ONU\">ONU<\/a>\u00a0envolveu seus 193 Estados Membros e a sociedade civil global. A resolu\u00e7\u00e3o \u00e9 um amplo acordo intergovernamental que funciona como a Agenda de Desenvolvimento P\u00f3s-2015. Os ODS baseiam-se nos princ\u00edpios acordados na Resolu\u00e7\u00e3o A\/RES\/66\/288, intitulada &#8220;O Futuro que Queremos&#8221;.<sup id=\"cite_ref-United_Nations_Official_Document_5-0\" class=\"reference\"><a href=\"https:\/\/pt.wikipedia.org\/wiki\/Objetivos_de_Desenvolvimento_Sustent%C3%A1vel#cite_note-United_Nations_Official_Document-5\">[5]<\/a><\/sup>\u00a0Este foi um documento n\u00e3o vinculante divulgado como resultado da\u00a0<a class=\"mw-redirect\" title=\"Confer\u00eancia Rio+20\" href=\"https:\/\/pt.wikipedia.org\/wiki\/Confer%C3%AAncia_Rio%2B20\">Confer\u00eancia Rio+20<\/a>\u00a0realizada em 2012.<sup id=\"cite_ref-United_Nations_Official_Document_5-1\" class=\"reference\"><a href=\"https:\/\/pt.wikipedia.org\/wiki\/Objetivos_de_Desenvolvimento_Sustent%C3%A1vel#cite_note-United_Nations_Official_Document-5\">[5]<\/a><\/sup><\/p>\n<p>Alguns permanecem pessimistas sobre o potencial para alcan\u00e7ar os ODS, especialmente por causa das estimativas do custo de alcan\u00e7ar todos eles.<sup id=\"cite_ref-:5_6-0\" class=\"reference\"><a href=\"https:\/\/pt.wikipedia.org\/wiki\/Objetivos_de_Desenvolvimento_Sustent%C3%A1vel#cite_note-:5-6\">[6]<\/a><\/sup>\u00a0No entanto, certo progresso havia sido relatado em 2018. Por exemplo, menos crian\u00e7as africanas com menos de 5 anos sofrem de\u00a0<a title=\"Desnutri\u00e7\u00e3o\" href=\"https:\/\/pt.wikipedia.org\/wiki\/Desnutri%C3%A7%C3%A3o\">desnutri\u00e7\u00e3o<\/a>\u00a0cr\u00f4nica e debilita\u00e7\u00e3o. No entanto, o mesmo estudo concluiu que \u00e9 improv\u00e1vel que haja um fim para a desnutri\u00e7\u00e3o at\u00e9 2030.<sup id=\"cite_ref-:11_7-0\" class=\"reference\"><a href=\"https:\/\/pt.wikipedia.org\/wiki\/Objetivos_de_Desenvolvimento_Sustent%C3%A1vel#cite_note-:11-7\">[7]<\/a><\/sup><\/p>\n<p><img loading=\"lazy\" decoding=\"async\" class=\"alignnone wp-image-743\" src=\"https:\/\/abrilverde.com.br\/portal\/wp-content\/uploads\/2023\/03\/1200px-Sustainable_Development_Goals_text_only-300x71.png\" alt=\"\" width=\"946\" height=\"224\" srcset=\"https:\/\/abrilverde.com.br\/portal\/wp-content\/uploads\/2023\/03\/1200px-Sustainable_Development_Goals_text_only-300x71.png 300w, https:\/\/abrilverde.com.br\/portal\/wp-content\/uploads\/2023\/03\/1200px-Sustainable_Development_Goals_text_only-1024x241.png 1024w\" sizes=\"auto, (max-width: 946px) 100vw, 946px\" \/><\/p>\n<p>Em setembro de 2015, 193 pa\u00edses acordaram os seguintes Objetivos de Desenvolvimento Sustent\u00e1vel:<sup id=\"cite_ref-8\" class=\"reference\"><a href=\"https:\/\/pt.wikipedia.org\/wiki\/Objetivos_de_Desenvolvimento_Sustent%C3%A1vel#cite_note-8\">[8]<\/a><\/sup><\/p>\n<div>\n<ul>\n<li><b><a title=\"Objetivo de Desenvolvimento Sustent\u00e1vel 1\" href=\"https:\/\/pt.wikipedia.org\/wiki\/Objetivo_de_Desenvolvimento_Sustent%C3%A1vel_1\">01 &#8211; Erradica\u00e7\u00e3o da pobreza:<\/a><\/b>\u00a0<small>acabar com a pobreza em todas as suas formas, em todos os lugares.<\/small><\/li>\n<li><b><a title=\"Objetivo de Desenvolvimento Sustent\u00e1vel 2\" href=\"https:\/\/pt.wikipedia.org\/wiki\/Objetivo_de_Desenvolvimento_Sustent%C3%A1vel_2\">02 &#8211; Fome zero e agricultura sustent\u00e1vel:<\/a><\/b>\u00a0<small>acabar com a fome, alcan\u00e7ar a seguran\u00e7a alimentar e melhoria da nutri\u00e7\u00e3o e promover a agricultura sustent\u00e1vel.<\/small><\/li>\n<li><b>03 &#8211; Sa\u00fade e bem-estar:<\/b>\u00a0<small>assegurar uma vida saud\u00e1vel e promover o bem-estar para todos, em todas as idades.<\/small><\/li>\n<li><b>04 &#8211; Educa\u00e7\u00e3o de qualidade:<\/b>\u00a0<small>assegurar a educa\u00e7\u00e3o inclusiva, e equitativa e de qualidade, e promover oportunidades de aprendizagem ao longo da vida para todos.<\/small><\/li>\n<li><b><a title=\"Objetivo de Desenvolvimento Sustent\u00e1vel 5\" href=\"https:\/\/pt.wikipedia.org\/wiki\/Objetivo_de_Desenvolvimento_Sustent%C3%A1vel_5\">05 &#8211; Igualdade de g\u00eanero:<\/a><\/b>\u00a0<small>alcan\u00e7ar a igualdade de g\u00eanero e empoderar todas as mulheres e meninas.<\/small><\/li>\n<li><b>06 &#8211; \u00c1gua limpa e saneamento:<\/b>\u00a0<small>garantir disponibilidade e manejo sustent\u00e1vel da \u00e1gua e saneamento para todos.<\/small><\/li>\n<li><b>07 &#8211; Energia limpa e acess\u00edvel:<\/b>\u00a0<small>garantir acesso \u00e0 energia barata, confi\u00e1vel, sustent\u00e1vel e renov\u00e1vel para todos.<\/small><\/li>\n<li><b>08 &#8211; Trabalho decente e crescimento econ\u00f4mico:<\/b>\u00a0<small>promover o crescimento econ\u00f4mico sustentado, inclusivo e sustent\u00e1vel, emprego pleno e produtivo, e trabalho decente para todos.<\/small><\/li>\n<li><b>09 &#8211; Inova\u00e7\u00e3o infraestrutura:<\/b>\u00a0<small>construir infraestrutura resiliente, promover a industrializa\u00e7\u00e3o inclusiva e sustent\u00e1vel, e fomentar a inova\u00e7\u00e3o.<\/small><\/li>\n<li><b><a title=\"Objetivo de Desenvolvimento Sustent\u00e1vel 10\" href=\"https:\/\/pt.wikipedia.org\/wiki\/Objetivo_de_Desenvolvimento_Sustent%C3%A1vel_10\">10 &#8211; Redu\u00e7\u00e3o das desigualdades:<\/a><\/b>\u00a0<small>reduzir as desigualdades dentro dos pa\u00edses e entre eles.<\/small><\/li>\n<li><b><a class=\"new\" title=\"Objetivo de Desenvolvimento Sustent\u00e1vel 11 (p\u00e1gina n\u00e3o existe)\" href=\"https:\/\/pt.wikipedia.org\/w\/index.php?title=Objetivo_de_Desenvolvimento_Sustent%C3%A1vel_11&amp;action=edit&amp;redlink=1\">11 &#8211; Cidades e comunidades sustent\u00e1veis:<\/a><\/b>\u00a0<small>tornar as cidades e os assentamentos humanos inclusivos, seguros, resilientes e sustent\u00e1veis.<\/small><\/li>\n<li><b><a title=\"Objetivo de Desenvolvimento Sustent\u00e1vel 12\" href=\"https:\/\/pt.wikipedia.org\/wiki\/Objetivo_de_Desenvolvimento_Sustent%C3%A1vel_12\">12 &#8211; Consumo e produ\u00e7\u00e3o respons\u00e1veis:<\/a><\/b>\u00a0<small>assegurar padr\u00f5es de produ\u00e7\u00e3o e de consumo sustent\u00e1veis.<\/small><\/li>\n<li><b>13 &#8211; A\u00e7\u00e3o contra a mudan\u00e7a global do clima:<\/b>\u00a0<small>tomar medidas urgentes para combater a mudan\u00e7a clim\u00e1tica e seus impactos (*).<\/small><\/li>\n<li><b><a title=\"Objetivo de Desenvolvimento Sustent\u00e1vel 14\" href=\"https:\/\/pt.wikipedia.org\/wiki\/Objetivo_de_Desenvolvimento_Sustent%C3%A1vel_14\">14 &#8211; Vida na \u00e1gua:<\/a><\/b>\u00a0<small>conserva\u00e7\u00e3o e uso sustent\u00e1vel dos oceanos, dos mares, e dos recursos marinhos para o desenvolvimento sustent\u00e1vel.<\/small><\/li>\n<li><b><a title=\"Objetivo de Desenvolvimento Sustent\u00e1vel 15\" href=\"https:\/\/pt.wikipedia.org\/wiki\/Objetivo_de_Desenvolvimento_Sustent%C3%A1vel_15\">15 &#8211; Vida terrestre:<\/a><\/b>\u00a0<small>proteger, recuperar e promover o uso sustent\u00e1vel dos ecossistemas terrestres, gerir de forma sustent\u00e1vel as florestas, combater a desertifica\u00e7\u00e3o, deter e reverter a degrada\u00e7\u00e3o da Terra e deter a perda da biodiversidade.<\/small><\/li>\n<li><b>16 &#8211; Paz, justi\u00e7a e institui\u00e7\u00f5es eficazes:<\/b>\u00a0<small>promover sociedades pac\u00edficas e inclusivas par ao desenvolvimento sustent\u00e1vel, proporcionar o acesso \u00e0 justi\u00e7a para todos e construir institui\u00e7\u00f5es eficazes, respons\u00e1veis e inclusivas em todos os n\u00edveis.<\/small><\/li>\n<li><b>17 &#8211; Parcerias e meios de implementa\u00e7\u00e3o:<\/b>\u00a0<small>fortalecer os meios de implementa\u00e7\u00e3o e revitalizar a parceria global para o desenvolvimento sustent\u00e1vel.<\/small><\/li>\n<\/ul>\n<p>Fonte: <a href=\"https:\/\/pt.wikipedia.org\/wiki\/Objetivos_de_Desenvolvimento_Sustent%C3%A1vel\" target=\"_blank\" rel=\"noopener\">Wikipedia<\/a><\/p>\n<\/div>\n","protected":false},"excerpt":{"rendered":"<p>Objetivos de Desenvolvimento Sustent\u00e1vel\u00a0 Os\u00a0Objetivos de Desenvolvimento Sustent\u00e1vel\u00a0(ODS) (ou\u00a0Objetivos Mundiais para o Desenvolvimento Sustent\u00e1vel) s\u00e3o uma cole\u00e7\u00e3o de 17 metas globais, estabelecidas pela\u00a0Assembleia Geral das Na\u00e7\u00f5es Unidas. Os ODS s\u00e3o parte da Resolu\u00e7\u00e3o 70\/1 da Assembleia Geral das Na\u00e7\u00f5es Unidas: &#8220;Transformando o nosso mundo: a Agenda 2030 para o Desenvolvimento Sustent\u00e1vel&#8221;,[1]\u00a0que depois foi encurtado para\u00a0Agenda &hellip;<\/p>\n","protected":false},"author":1,"featured_media":0,"parent":0,"menu_order":0,"comment_status":"closed","ping_status":"closed","template":"","meta":{"_joinchat":[],"footnotes":""},"class_list":["post-739","page","type-page","status-publish",""],"_links":{"self":[{"href":"https:\/\/abrilverde.com.br\/portal\/wp-json\/wp\/v2\/pages\/739","targetHints":{"allow":["GET"]}}],"collection":[{"href":"https:\/\/abrilverde.com.br\/portal\/wp-json\/wp\/v2\/pages"}],"about":[{"href":"https:\/\/abrilverde.com.br\/portal\/wp-json\/wp\/v2\/types\/page"}],"author":[{"embeddable":true,"href":"https:\/\/abrilverde.com.br\/portal\/wp-json\/wp\/v2\/users\/1"}],"replies":[{"embeddable":true,"href":"https:\/\/abrilverde.com.br\/portal\/wp-json\/wp\/v2\/comments?post=739"}],"version-history":[{"count":7,"href":"https:\/\/abrilverde.com.br\/portal\/wp-json\/wp\/v2\/pages\/739\/revisions"}],"predecessor-version":[{"id":1310,"href":"https:\/\/abrilverde.com.br\/portal\/wp-json\/wp\/v2\/pages\/739\/revisions\/1310"}],"wp:attachment":[{"href":"https:\/\/abrilverde.com.br\/portal\/wp-json\/wp\/v2\/media?parent=739"}],"curies":[{"name":"wp","href":"https:\/\/api.w.org\/{rel}","templated":true}]}}