{"id":377,"date":"2015-01-29T08:49:59","date_gmt":"2015-01-29T08:49:59","guid":{"rendered":"http:\/\/themes.tielabs.com\/sahifa5\/?page_id=377"},"modified":"2026-04-06T20:52:26","modified_gmt":"2026-04-06T23:52:26","slug":"marca","status":"publish","type":"page","link":"https:\/\/abrilverde.com.br\/portal\/","title":{"rendered":"A Marca Abril Verde"},"content":{"rendered":"\t\t<div data-elementor-type=\"wp-page\" data-elementor-id=\"377\" class=\"elementor elementor-377\">\n\t\t\t\t\t\t\t\t\t<section class=\"elementor-section elementor-top-section elementor-element elementor-element-226e092a elementor-section-boxed elementor-section-height-default elementor-section-height-default wpr-particle-no wpr-jarallax-no wpr-parallax-no wpr-sticky-section-no\" data-id=\"226e092a\" data-element_type=\"section\">\n\t\t\t\t\t\t<div class=\"elementor-container elementor-column-gap-default\">\n\t\t\t\t\t<div class=\"elementor-column elementor-col-100 elementor-top-column elementor-element elementor-element-377093f2\" data-id=\"377093f2\" data-element_type=\"column\">\n\t\t\t<div class=\"elementor-widget-wrap elementor-element-populated\">\n\t\t\t\t\t\t\t\t<div class=\"elementor-element elementor-element-e93449d elementor-widget elementor-widget-text-editor\" data-id=\"e93449d\" data-element_type=\"widget\" data-widget_type=\"text-editor.default\">\n\t\t\t\t<div class=\"elementor-widget-container\">\n\t\t\t<style>\/*! elementor - v3.11.5 - 14-03-2023 *\/\n.elementor-widget-text-editor.elementor-drop-cap-view-stacked .elementor-drop-cap{background-color:#818a91;color:#fff}.elementor-widget-text-editor.elementor-drop-cap-view-framed .elementor-drop-cap{color:#818a91;border:3px solid;background-color:transparent}.elementor-widget-text-editor:not(.elementor-drop-cap-view-default) .elementor-drop-cap{margin-top:8px}.elementor-widget-text-editor:not(.elementor-drop-cap-view-default) .elementor-drop-cap-letter{width:1em;height:1em}.elementor-widget-text-editor .elementor-drop-cap{float:left;text-align:center;line-height:1;font-size:50px}.elementor-widget-text-editor .elementor-drop-cap-letter{display:inline-block}<\/style>\t\t\t\t<h1 style=\"text-align: left;\"><strong>A Marca Abril Verde<\/strong><\/h1>\r\n<h3><strong>Movimento Abril Verde: Da origem e dos desafios presentes.<\/strong><\/h3>\r\n<h3><img loading=\"lazy\" decoding=\"async\" class=\"size-medium wp-image-650 alignleft\" src=\"https:\/\/abrilverde.com.br\/portal\/wp-content\/uploads\/2023\/03\/dds-abril-verde1-300x215.png\" alt=\"\" width=\"300\" height=\"215\" \/><\/h3>\r\nCriado em 2014 com a proposta de promover campanhas a favor da sa\u00fade e seguran\u00e7a do trabalhador brasileiro, o\u00a0<strong><em>Movimento Abril Verde<\/em><\/strong>\u00a0firmou o compromisso de combater doen\u00e7as e acidentes de trabalho, promovendo a cultura de preven\u00e7\u00e3o por meio da conscientiza\u00e7\u00e3o da popula\u00e7\u00e3o sobre os agravos \u00e0 sa\u00fade do trabalhador. O intuito do movimento \u00e9 influenciar na sociedade diminuindo a crescente ocorr\u00eancia e a mortalidade dos \u00faltimos anos, mobilizando o envolvimento das pessoas, dos \u00f3rg\u00e3os de governos, empresas, entidades de classe, associa\u00e7\u00f5es, federa\u00e7\u00f5es e sociedade civil organizada.\r\n\r\nO tema de promover o acesso ao trabalho decente e produtivo, em condi\u00e7\u00f5es de liberdade, equidade, seguran\u00e7a e dignidade ganha um destaque nas novas ferramentas de gest\u00e3o, no Direito e na m\u00eddia atual. \u00c9 nesse contexto contempor\u00e2neo no pa\u00eds e no exterior que a necessidade por assegurar melhores condi\u00e7\u00f5es de trabalho ganha o reconhecimento por parte da sociedade.\r\n\r\nCom esse processo, surge a necessidade de representar esta causa atrav\u00e9s de uma imagem. Para obter melhores resultados na mobiliza\u00e7\u00e3o das pessoas, \u00e9 preciso que a identidade visual da Marca Abril Verde traduza seu esfor\u00e7o de estar na altura das exig\u00eancias do mercado. Afinal, como disse David A. Aaker [<em>Construindo Marcas Fortes, 2007<\/em>,<em>\u00a0p\u00e1gina 19<\/em>] \u201co reconhecimento e a lembran\u00e7a s\u00e3o sinais de muito mais do que apenas a memoriza\u00e7\u00e3o de uma marca\u201d.\r\n\r\nA marca precisa se diferenciar. Ela tamb\u00e9m tem que ser forte, coerente e transmitir a identidade do movimento. A marca\u00a0<strong><em>Abril Verde <\/em><\/strong>tem como princ\u00edpio criar confian\u00e7a, credibilidade e proximidade com o p\u00fablico, criando elementos de identifica\u00e7\u00e3o da causa e acrescentando o conceito de modernidade, gerando diretrizes de desenho da marca.\r\n\r\nUma profunda pesquisa do contexto de atua\u00e7\u00e3o da Marca do movimento gerou um estudo que definiu a estrat\u00e9gia de posicionamento. A cria\u00e7\u00e3o de uma identidade visual que conserva a cor verde escolhida para representar o m\u00eas recebeu tons atuais. Com isso, passamos a buscar uma grafia n\u00edtida que trouxesse contemporaneidade \u00e0 Marca e que apresentasse linhas retas para uma melhor est\u00e9tica visual. Para manter uma melhor legibilidade demos prefer\u00eancia pelas letras em caixa baixa, que tamb\u00e9m configuram uma comunica\u00e7\u00e3o mais amig\u00e1vel.\r\n\r\nForam in\u00fameros desenhos e alternativas que foram filtrados e se concretizando aos poucos, ganhando forma, corpo, personalidade e originalidade.\r\n<h3><strong>Objetivo: Atrair e Reter Pessoas<\/strong><\/h3>\r\nAs pessoas devem estar sempre no topo do organograma das institui\u00e7\u00f5es\/empresas. Porque al\u00e9m de estarem mais informados, eles possuem ferramentas para verificar os argumentos das institui\u00e7\u00f5es e empresas e buscar melhores alternativas.\r\n\r\nA decis\u00e3o de permanecer fiel \u00e0 uma institui\u00e7\u00e3o\/empresa ou romper com ela a rela\u00e7\u00e3o \u00e9 a soma de muitos pequenos contatos com a mesma. Para que todos esses pequenos contatos resultem em fidelidade, as institui\u00e7\u00f5es\/empresas t\u00eam de criar experi\u00eancia de marca para elas, ou seja, tem que ser inovador, criar ambientes inspiradores e comodidades peculiares.\r\n\r\nQualidade total \u00e9 o segredo para criar valor e satisfa\u00e7\u00e3o. E assim como o marketing, ela \u00e9 obriga\u00e7\u00e3o de todos. Marketing \u00e9 a arte de atrair e reter clientes. A qualidade \u00e9 a maior certeza de fideliza\u00e7\u00e3o. Os investimentos em marketing geram melhor imagem da marca quando se estabelecem v\u00ednculos emocionais, que envolvem com causas sociais al\u00e9m de solidificar sua visibilidade atrav\u00e9s de propaganda e posicionamento.\r\n\r\nPara o Movimento Abril Verde, a identidade visual ser\u00e1 um elemento unificador em que atrav\u00e9s de um posicionamento correto da nova marca, contribuir\u00e1 para sua nova imagem. A marca nova e suas aplica\u00e7\u00f5es identificar\u00e3o, representar\u00e3o e comunicar\u00e3o a nova imagem Movimento Abril Verde, as quais devem ser comunicadas atrav\u00e9s de todos os itens que entrem em contato com as pessoas.\r\n<h3><strong>Garantindo um lugar na mente.<\/strong><\/h3>\r\n<img loading=\"lazy\" decoding=\"async\" class=\"wp-image-691 alignleft\" src=\"https:\/\/abrilverde.com.br\/portal\/wp-content\/uploads\/2023\/03\/MARCA-OFICIAL-ABRILVERDE-RGB-DEC-VERDE-1-298x300.png\" alt=\"\" width=\"170\" height=\"171\" srcset=\"https:\/\/abrilverde.com.br\/portal\/wp-content\/uploads\/2023\/03\/MARCA-OFICIAL-ABRILVERDE-RGB-DEC-VERDE-1-298x300.png 298w, https:\/\/abrilverde.com.br\/portal\/wp-content\/uploads\/2023\/03\/MARCA-OFICIAL-ABRILVERDE-RGB-DEC-VERDE-1-1018x1024.png 1018w, https:\/\/abrilverde.com.br\/portal\/wp-content\/uploads\/2023\/03\/MARCA-OFICIAL-ABRILVERDE-RGB-DEC-VERDE-1-150x150.png 150w, https:\/\/abrilverde.com.br\/portal\/wp-content\/uploads\/2023\/03\/MARCA-OFICIAL-ABRILVERDE-RGB-DEC-VERDE-1-768x773.png 768w, https:\/\/abrilverde.com.br\/portal\/wp-content\/uploads\/2023\/03\/MARCA-OFICIAL-ABRILVERDE-RGB-DEC-VERDE-1-1527x1536.png 1527w, https:\/\/abrilverde.com.br\/portal\/wp-content\/uploads\/2023\/03\/MARCA-OFICIAL-ABRILVERDE-RGB-DEC-VERDE-1.png 1842w\" sizes=\"auto, (max-width: 170px) 100vw, 170px\" \/>\r\n\r\nCriando uma forte ancora visual que seja a base da identifica\u00e7\u00e3o da nova imagem do Movimento que o associe a modernidade e solidez, a Marca <strong><em>Abril Verde<\/em><\/strong>\u00a0\u00e9 formada pela soma do s\u00edmbolo, logotipo e decodificador, projetado no conceito flat minimalista, com tonalidades espec\u00edficas.\r\n\r\nEste logotipo incorpora estilos de caracteres adaptados para comunicar aspectos do movimento: mobiliza\u00e7\u00e3o e conscientiza\u00e7\u00e3o sobre sa\u00fade e seguran\u00e7a do trabalho, que fazem parte da miss\u00e3o do movimento. No design existem qualidades conceituais intr\u00ednsecas que s\u00e3o culturalmente percebidas e que ajudam a transmitir a ideia, ao mesmo tempo em que a variedade formal prov\u00ea profundidade e interesse ao conjunto de formas.\r\n\r\n&nbsp;\r\n<h3><strong>Design, Forma e Cor: Simplicidade dos elementos.<\/strong><\/h3>\r\n<img loading=\"lazy\" decoding=\"async\" class=\" wp-image-692 alignleft\" src=\"https:\/\/abrilverde.com.br\/portal\/wp-content\/uploads\/2023\/03\/MARCA-OFICIAL-ABRILVERDE-RGB-NEGTIVO-260x300.png\" alt=\"\" width=\"150\" height=\"173\" srcset=\"https:\/\/abrilverde.com.br\/portal\/wp-content\/uploads\/2023\/03\/MARCA-OFICIAL-ABRILVERDE-RGB-NEGTIVO-260x300.png 260w, https:\/\/abrilverde.com.br\/portal\/wp-content\/uploads\/2023\/03\/MARCA-OFICIAL-ABRILVERDE-RGB-NEGTIVO-887x1024.png 887w, https:\/\/abrilverde.com.br\/portal\/wp-content\/uploads\/2023\/03\/MARCA-OFICIAL-ABRILVERDE-RGB-NEGTIVO-768x886.png 768w, https:\/\/abrilverde.com.br\/portal\/wp-content\/uploads\/2023\/03\/MARCA-OFICIAL-ABRILVERDE-RGB-NEGTIVO-1331x1536.png 1331w, https:\/\/abrilverde.com.br\/portal\/wp-content\/uploads\/2023\/03\/MARCA-OFICIAL-ABRILVERDE-RGB-NEGTIVO-1775x2048.png 1775w, https:\/\/abrilverde.com.br\/portal\/wp-content\/uploads\/2023\/03\/MARCA-OFICIAL-ABRILVERDE-RGB-NEGTIVO.png 1843w\" sizes=\"auto, (max-width: 150px) 100vw, 150px\" \/>\r\n\r\n&nbsp;\r\n\r\nUsando forma e cor de maneira adequada na marca, podemos comunicar a imagem que o\u00a0<strong><em>Movimento Abril Verde<\/em><\/strong>\u00a0quer passar para seus apoiadores e participantes. Muitas transforma\u00e7\u00f5es v\u00eam ocorrendo no mundo atual. As novas diretrizes precisam ser informadas para o p\u00fablico atrav\u00e9s de uma identidade visual s\u00f3lida, consistente e \u00fanica, por isso criamos a logomarca com elementos de interface simples, como formas circulares e retas, e sombra diferenciada.\r\n\r\n&nbsp;\r\n\r\n&nbsp;\r\n<h3><strong>Foco na Tipografia<\/strong><\/h3>\r\n<img loading=\"lazy\" decoding=\"async\" class=\" wp-image-690 alignleft\" src=\"https:\/\/abrilverde.com.br\/portal\/wp-content\/uploads\/2023\/03\/MARCA-OFICIAL-ABRILVERDE-RGB-DEC-CINZA-CLARO-298x300.png\" alt=\"\" width=\"152\" height=\"153\" srcset=\"https:\/\/abrilverde.com.br\/portal\/wp-content\/uploads\/2023\/03\/MARCA-OFICIAL-ABRILVERDE-RGB-DEC-CINZA-CLARO-298x300.png 298w, https:\/\/abrilverde.com.br\/portal\/wp-content\/uploads\/2023\/03\/MARCA-OFICIAL-ABRILVERDE-RGB-DEC-CINZA-CLARO-1017x1024.png 1017w, https:\/\/abrilverde.com.br\/portal\/wp-content\/uploads\/2023\/03\/MARCA-OFICIAL-ABRILVERDE-RGB-DEC-CINZA-CLARO-150x150.png 150w, https:\/\/abrilverde.com.br\/portal\/wp-content\/uploads\/2023\/03\/MARCA-OFICIAL-ABRILVERDE-RGB-DEC-CINZA-CLARO-768x773.png 768w, https:\/\/abrilverde.com.br\/portal\/wp-content\/uploads\/2023\/03\/MARCA-OFICIAL-ABRILVERDE-RGB-DEC-CINZA-CLARO-1525x1536.png 1525w, https:\/\/abrilverde.com.br\/portal\/wp-content\/uploads\/2023\/03\/MARCA-OFICIAL-ABRILVERDE-RGB-DEC-CINZA-CLARO.png 1840w\" sizes=\"auto, (max-width: 152px) 100vw, 152px\" \/>Nesse caso a tipografia \u00e9 extremamente importante para assim facilitar a compreens\u00e3o e intera\u00e7\u00e3o as quais facilitam o reconhecimento da marca.\r\n\r\nA \u00eanfase na din\u00e2mica da marca\u00a0<strong><em>Abril verde<\/em><\/strong> est\u00e1 na figura simb\u00f3lica composta por um clipe redesenhado e adaptado, onde a letra \u201cA\u201d da palavra \u201cAbril\u201d d\u00e1 lugar \u00e0 curvatura superior do s\u00edmbolo; a letra \u201cV\u201d da palavra \u201cVerde\u201d d\u00e1 lugar \u00e0 curvatura inferior. A forma do logotipo enfoca nos aspectos de tra\u00e7os para que mantenha sua legibilidade, individualidade e a est\u00e9tica visual, resultando na escolha da fam\u00edlia de tipos Agency FB.\r\n\r\n&nbsp;\r\n<h3><strong>Foco na Cor<\/strong><\/h3>\r\n<h3>A cria\u00e7\u00e3o no design da marca <em>Abril Verde<\/em>\u00a0conserva a cor verde escolhida para representar o m\u00eas, por\u00e9m a paleta de cores recebeu tons atuais provocando um interc\u00e2mbio atraente.<\/h3>\r\nOs tons tendem a ser past\u00e9is e vibrantes, com aspectos que configuram luminosidade na aplica\u00e7\u00e3o oficial. Cores prim\u00e1rias e secund\u00e1rias s\u00e3o populares e, especialmente para o contexto de atua\u00e7\u00e3o da Marca Abril Verde, a cor denota o tema da sa\u00fade e seguran\u00e7a no trabalho. Nesta intera\u00e7\u00e3o, a tend\u00eancia\u00a0<em>retro<\/em>\u00a0conformou-se em uma roupagem moderna e atualizada.\r\n<h3><\/h3>\r\n<h3><strong>Abordagem minimalista<\/strong><\/h3>\r\n<img loading=\"lazy\" decoding=\"async\" class=\" wp-image-689 alignleft\" src=\"https:\/\/abrilverde.com.br\/portal\/wp-content\/uploads\/2023\/03\/MARCA-OFICIAL-ABRILVERDE-RGB-2-259x300.png\" alt=\"\" width=\"151\" height=\"175\" srcset=\"https:\/\/abrilverde.com.br\/portal\/wp-content\/uploads\/2023\/03\/MARCA-OFICIAL-ABRILVERDE-RGB-2-259x300.png 259w, https:\/\/abrilverde.com.br\/portal\/wp-content\/uploads\/2023\/03\/MARCA-OFICIAL-ABRILVERDE-RGB-2-885x1024.png 885w, https:\/\/abrilverde.com.br\/portal\/wp-content\/uploads\/2023\/03\/MARCA-OFICIAL-ABRILVERDE-RGB-2-768x889.png 768w, https:\/\/abrilverde.com.br\/portal\/wp-content\/uploads\/2023\/03\/MARCA-OFICIAL-ABRILVERDE-RGB-2-1327x1536.png 1327w, https:\/\/abrilverde.com.br\/portal\/wp-content\/uploads\/2023\/03\/MARCA-OFICIAL-ABRILVERDE-RGB-2-1769x2048.png 1769w, https:\/\/abrilverde.com.br\/portal\/wp-content\/uploads\/2023\/03\/MARCA-OFICIAL-ABRILVERDE-RGB-2.png 1842w\" sizes=\"auto, (max-width: 151px) 100vw, 151px\" \/>\r\n\r\n&nbsp;\r\n\r\nTrazendo clareza \u00e0 marca nova, o minimalismo \u00e9 abordado em seu design, com a tend\u00eancia <em>Flat Design<\/em>\u00a0(Design Plano), que defende a simplicidade e possui aspecto limpo, bordas n\u00edtidas e ilustra\u00e7\u00f5es planas.\r\n\r\nA marca de design plano, s\u00f3lido, fornece um ambiente n\u00edtido em um contexto conciso e direto, cogitada com o objetivo de criar um projeto visual funcional e coeso.\t\t\t\t\t\t<\/div>\n\t\t\t\t<\/div>\n\t\t\t\t\t<\/div>\n\t\t<\/div>\n\t\t\t\t\t\t\t<\/div>\n\t\t<\/section>\n\t\t\t\t\t\t\t<\/div>\n\t\t","protected":false},"excerpt":{"rendered":"<p>A Marca Abril Verde Movimento Abril Verde: Da origem e dos desafios presentes. Criado em 2014 com a proposta de promover campanhas a favor da sa\u00fade e seguran\u00e7a do trabalhador brasileiro, o\u00a0Movimento Abril Verde\u00a0firmou o compromisso de combater doen\u00e7as e acidentes de trabalho, promovendo a cultura de preven\u00e7\u00e3o por meio da conscientiza\u00e7\u00e3o da popula\u00e7\u00e3o sobre &hellip;<\/p>\n","protected":false},"author":1,"featured_media":0,"parent":0,"menu_order":0,"comment_status":"closed","ping_status":"closed","template":"","meta":{"_joinchat":[],"footnotes":""},"class_list":["post-377","page","type-page","status-publish",""],"_links":{"self":[{"href":"https:\/\/abrilverde.com.br\/portal\/wp-json\/wp\/v2\/pages\/377","targetHints":{"allow":["GET"]}}],"collection":[{"href":"https:\/\/abrilverde.com.br\/portal\/wp-json\/wp\/v2\/pages"}],"about":[{"href":"https:\/\/abrilverde.com.br\/portal\/wp-json\/wp\/v2\/types\/page"}],"author":[{"embeddable":true,"href":"https:\/\/abrilverde.com.br\/portal\/wp-json\/wp\/v2\/users\/1"}],"replies":[{"embeddable":true,"href":"https:\/\/abrilverde.com.br\/portal\/wp-json\/wp\/v2\/comments?post=377"}],"version-history":[{"count":49,"href":"https:\/\/abrilverde.com.br\/portal\/wp-json\/wp\/v2\/pages\/377\/revisions"}],"predecessor-version":[{"id":2320,"href":"https:\/\/abrilverde.com.br\/portal\/wp-json\/wp\/v2\/pages\/377\/revisions\/2320"}],"wp:attachment":[{"href":"https:\/\/abrilverde.com.br\/portal\/wp-json\/wp\/v2\/media?parent=377"}],"curies":[{"name":"wp","href":"https:\/\/api.w.org\/{rel}","templated":true}]}}