{"id":1644,"date":"2023-03-29T21:47:29","date_gmt":"2023-03-30T00:47:29","guid":{"rendered":"https:\/\/abrilverde.com.br\/portal\/?page_id=1644"},"modified":"2023-03-29T22:53:32","modified_gmt":"2023-03-30T01:53:32","slug":"acoes-nacionais","status":"publish","type":"page","link":"https:\/\/abrilverde.com.br\/portal\/acoes-nacionais\/","title":{"rendered":"A\u00e7\u00f5es Nacionais"},"content":{"rendered":"\t\t<div data-elementor-type=\"wp-page\" data-elementor-id=\"1644\" class=\"elementor elementor-1644\">\n\t\t\t\t\t\t\t\t\t<section class=\"elementor-section elementor-top-section elementor-element elementor-element-6821a7a elementor-section-boxed elementor-section-height-default elementor-section-height-default wpr-particle-no wpr-jarallax-no wpr-parallax-no wpr-sticky-section-no\" data-id=\"6821a7a\" data-element_type=\"section\">\n\t\t\t\t\t\t<div class=\"elementor-container elementor-column-gap-default\">\n\t\t\t\t\t<div class=\"elementor-column elementor-col-100 elementor-top-column elementor-element elementor-element-2d9e380\" data-id=\"2d9e380\" data-element_type=\"column\">\n\t\t\t<div class=\"elementor-widget-wrap elementor-element-populated\">\n\t\t\t\t\t\t\t\t<div class=\"elementor-element elementor-element-2c1f312 elementor-widget elementor-widget-heading\" data-id=\"2c1f312\" data-element_type=\"widget\" data-widget_type=\"heading.default\">\n\t\t\t\t<div class=\"elementor-widget-container\">\n\t\t\t<style>\/*! elementor - v3.11.5 - 14-03-2023 *\/\n.elementor-heading-title{padding:0;margin:0;line-height:1}.elementor-widget-heading .elementor-heading-title[class*=elementor-size-]>a{color:inherit;font-size:inherit;line-height:inherit}.elementor-widget-heading .elementor-heading-title.elementor-size-small{font-size:15px}.elementor-widget-heading .elementor-heading-title.elementor-size-medium{font-size:19px}.elementor-widget-heading .elementor-heading-title.elementor-size-large{font-size:29px}.elementor-widget-heading .elementor-heading-title.elementor-size-xl{font-size:39px}.elementor-widget-heading .elementor-heading-title.elementor-size-xxl{font-size:59px}<\/style><h2 class=\"elementor-heading-title elementor-size-default\">Prefeitura de Uberl\u00e2ndia promove Semin\u00e1rio no dia 28 de Abril com Adir Souza e convidados.<\/h2>\t\t<\/div>\n\t\t\t\t<\/div>\n\t\t\t\t\t<\/div>\n\t\t<\/div>\n\t\t\t\t\t\t\t<\/div>\n\t\t<\/section>\n\t\t\t\t<section class=\"elementor-section elementor-top-section elementor-element elementor-element-5c47bbf elementor-section-boxed elementor-section-height-default elementor-section-height-default wpr-particle-no wpr-jarallax-no wpr-parallax-no wpr-sticky-section-no\" data-id=\"5c47bbf\" data-element_type=\"section\">\n\t\t\t\t\t\t<div class=\"elementor-container elementor-column-gap-default\">\n\t\t\t\t\t<div class=\"elementor-column elementor-col-100 elementor-top-column elementor-element elementor-element-673c3d6\" data-id=\"673c3d6\" data-element_type=\"column\">\n\t\t\t<div class=\"elementor-widget-wrap elementor-element-populated\">\n\t\t\t\t\t\t\t\t<div class=\"elementor-element elementor-element-409b144 elementor-widget elementor-widget-text-editor\" data-id=\"409b144\" data-element_type=\"widget\" data-widget_type=\"text-editor.default\">\n\t\t\t\t<div class=\"elementor-widget-container\">\n\t\t\t<style>\/*! elementor - v3.11.5 - 14-03-2023 *\/\n.elementor-widget-text-editor.elementor-drop-cap-view-stacked .elementor-drop-cap{background-color:#818a91;color:#fff}.elementor-widget-text-editor.elementor-drop-cap-view-framed .elementor-drop-cap{color:#818a91;border:3px solid;background-color:transparent}.elementor-widget-text-editor:not(.elementor-drop-cap-view-default) .elementor-drop-cap{margin-top:8px}.elementor-widget-text-editor:not(.elementor-drop-cap-view-default) .elementor-drop-cap-letter{width:1em;height:1em}.elementor-widget-text-editor .elementor-drop-cap{float:left;text-align:center;line-height:1;font-size:50px}.elementor-widget-text-editor .elementor-drop-cap-letter{display:inline-block}<\/style>\t\t\t\t<h4><img loading=\"lazy\" decoding=\"async\" class=\" wp-image-1658 alignleft\" src=\"https:\/\/abrilverde.com.br\/portal\/wp-content\/uploads\/2023\/03\/Centro-Administrativo_Easy-Resize.com_-300x200.jpg\" alt=\"\" width=\"156\" height=\"104\" srcset=\"https:\/\/abrilverde.com.br\/portal\/wp-content\/uploads\/2023\/03\/Centro-Administrativo_Easy-Resize.com_-300x200.jpg 300w, https:\/\/abrilverde.com.br\/portal\/wp-content\/uploads\/2023\/03\/Centro-Administrativo_Easy-Resize.com_-1024x682.jpg 1024w, https:\/\/abrilverde.com.br\/portal\/wp-content\/uploads\/2023\/03\/Centro-Administrativo_Easy-Resize.com_-768x512.jpg 768w, https:\/\/abrilverde.com.br\/portal\/wp-content\/uploads\/2023\/03\/Centro-Administrativo_Easy-Resize.com_-310x205.jpg 310w, https:\/\/abrilverde.com.br\/portal\/wp-content\/uploads\/2023\/03\/Centro-Administrativo_Easy-Resize.com_.jpg 1280w\" sizes=\"auto, (max-width: 156px) 100vw, 156px\" \/>No dia 28 de abril de 2023 a <a href=\"https:\/\/www.uberlandia.mg.gov.br\/\" target=\"_blank\" rel=\"noopener\">Prefeitura de Uberl\u00e2ndia<\/a> estar\u00e1 promovendo o Semin\u00e1rio sobre o Abril Verde onde <a href=\"https:\/\/www.sintespar.com.br\/\" target=\"_blank\" rel=\"noopener\">Adir Souza<\/a>\u00a0da\u00a0<a href=\"https:\/\/www.gov.br\/fundacentro\/pt-br\" target=\"_blank\" rel=\"noopener\">Fundacentro<\/a>\u00a0falar\u00e1 sobre o\u00a0<a href=\"\/portal\/marca\/\" rel=\"noopener\">Movimento Abril Verde<\/a><\/h4>\t\t\t\t\t\t<\/div>\n\t\t\t\t<\/div>\n\t\t\t\t\t<\/div>\n\t\t<\/div>\n\t\t\t\t\t\t\t<\/div>\n\t\t<\/section>\n\t\t\t\t<section class=\"elementor-section elementor-top-section elementor-element elementor-element-2b78b74 elementor-section-boxed elementor-section-height-default elementor-section-height-default wpr-particle-no wpr-jarallax-no wpr-parallax-no wpr-sticky-section-no\" data-id=\"2b78b74\" data-element_type=\"section\">\n\t\t\t\t\t\t<div class=\"elementor-container elementor-column-gap-default\">\n\t\t\t\t\t<div class=\"elementor-column elementor-col-100 elementor-top-column elementor-element elementor-element-fe649d0\" data-id=\"fe649d0\" data-element_type=\"column\">\n\t\t\t<div class=\"elementor-widget-wrap elementor-element-populated\">\n\t\t\t\t\t\t\t\t<div class=\"elementor-element elementor-element-e0e19aa elementor-widget elementor-widget-image\" data-id=\"e0e19aa\" data-element_type=\"widget\" data-widget_type=\"image.default\">\n\t\t\t\t<div class=\"elementor-widget-container\">\n\t\t\t<style>\/*! elementor - v3.11.5 - 14-03-2023 *\/\n.elementor-widget-image{text-align:center}.elementor-widget-image a{display:inline-block}.elementor-widget-image a img[src$=\".svg\"]{width:48px}.elementor-widget-image img{vertical-align:middle;display:inline-block}<\/style>\t\t\t\t\t\t\t\t\t\t\t\t<img loading=\"lazy\" decoding=\"async\" width=\"1243\" height=\"492\" src=\"https:\/\/abrilverde.com.br\/portal\/wp-content\/uploads\/2023\/03\/Seminario-Uberlandia-MG-Adir-Souza.png\" class=\"attachment-2048x2048 size-2048x2048 wp-image-1650\" alt=\"\" srcset=\"https:\/\/abrilverde.com.br\/portal\/wp-content\/uploads\/2023\/03\/Seminario-Uberlandia-MG-Adir-Souza.png 1243w, https:\/\/abrilverde.com.br\/portal\/wp-content\/uploads\/2023\/03\/Seminario-Uberlandia-MG-Adir-Souza-300x119.png 300w, https:\/\/abrilverde.com.br\/portal\/wp-content\/uploads\/2023\/03\/Seminario-Uberlandia-MG-Adir-Souza-1024x405.png 1024w, https:\/\/abrilverde.com.br\/portal\/wp-content\/uploads\/2023\/03\/Seminario-Uberlandia-MG-Adir-Souza-768x304.png 768w\" sizes=\"auto, (max-width: 1243px) 100vw, 1243px\" \/>\t\t\t\t\t\t\t\t\t\t\t\t\t\t\t<\/div>\n\t\t\t\t<\/div>\n\t\t\t\t\t<\/div>\n\t\t<\/div>\n\t\t\t\t\t\t\t<\/div>\n\t\t<\/section>\n\t\t\t\t<section class=\"elementor-section elementor-top-section elementor-element elementor-element-007250f elementor-section-boxed elementor-section-height-default elementor-section-height-default wpr-particle-no wpr-jarallax-no wpr-parallax-no wpr-sticky-section-no\" data-id=\"007250f\" data-element_type=\"section\">\n\t\t\t\t\t\t<div class=\"elementor-container elementor-column-gap-default\">\n\t\t\t\t\t<div class=\"elementor-column elementor-col-100 elementor-top-column elementor-element elementor-element-c4116cf\" data-id=\"c4116cf\" data-element_type=\"column\">\n\t\t\t<div class=\"elementor-widget-wrap elementor-element-populated\">\n\t\t\t\t\t\t\t\t<div class=\"elementor-element elementor-element-16654fa elementor-widget elementor-widget-text-editor\" data-id=\"16654fa\" data-element_type=\"widget\" data-widget_type=\"text-editor.default\">\n\t\t\t\t<div class=\"elementor-widget-container\">\n\t\t\t\t\t\t\t<h5>Programa\u00e7\u00e3o completa do Semin\u00e1rio<\/h5>\t\t\t\t\t\t<\/div>\n\t\t\t\t<\/div>\n\t\t\t\t\t<\/div>\n\t\t<\/div>\n\t\t\t\t\t\t\t<\/div>\n\t\t<\/section>\n\t\t\t\t<section class=\"elementor-section elementor-top-section elementor-element elementor-element-b6c6e9b elementor-section-boxed elementor-section-height-default elementor-section-height-default wpr-particle-no wpr-jarallax-no wpr-parallax-no wpr-sticky-section-no\" data-id=\"b6c6e9b\" data-element_type=\"section\">\n\t\t\t\t\t\t<div class=\"elementor-container elementor-column-gap-default\">\n\t\t\t\t\t<div class=\"elementor-column elementor-col-100 elementor-top-column elementor-element elementor-element-9fa9406\" data-id=\"9fa9406\" data-element_type=\"column\">\n\t\t\t<div class=\"elementor-widget-wrap elementor-element-populated\">\n\t\t\t\t\t\t\t\t<div class=\"elementor-element elementor-element-f355ec5 elementor-button-info elementor-invisible elementor-widget elementor-widget-button\" data-id=\"f355ec5\" data-element_type=\"widget\" data-settings=\"{&quot;_animation&quot;:&quot;fadeInDown&quot;}\" data-widget_type=\"button.default\">\n\t\t\t\t<div class=\"elementor-widget-container\">\n\t\t\t\t\t<div class=\"elementor-button-wrapper\">\n\t\t\t<a href=\"\/portal\/wp-content\/uploads\/2023\/03\/Uberlandia-PROGRAMACAO-ABRIL-VERDE-2023.pdf\" target=\"_blank\" class=\"elementor-button-link elementor-button elementor-size-sm elementor-animation-pop\" role=\"button\">\n\t\t\t\t\t\t<span class=\"elementor-button-content-wrapper\">\n\t\t\t\t\t\t<span class=\"elementor-button-text\">Clique aqui para baixar em PDF a programa\u00e7\u00e3o<\/span>\n\t\t<\/span>\n\t\t\t\t\t<\/a>\n\t\t<\/div>\n\t\t\t\t<\/div>\n\t\t\t\t<\/div>\n\t\t\t\t\t<\/div>\n\t\t<\/div>\n\t\t\t\t\t\t\t<\/div>\n\t\t<\/section>\n\t\t\t\t\t\t\t<\/div>\n\t\t","protected":false},"excerpt":{"rendered":"<p>Prefeitura de Uberl\u00e2ndia promove Semin\u00e1rio no dia 28 de Abril com Adir Souza e convidados. No dia 28 de abril de 2023 a Prefeitura de Uberl\u00e2ndia estar\u00e1 promovendo o Semin\u00e1rio sobre o Abril Verde onde Adir Souza\u00a0da\u00a0Fundacentro\u00a0falar\u00e1 sobre o\u00a0Movimento Abril Verde Programa\u00e7\u00e3o completa do Semin\u00e1rio Clique aqui para baixar em PDF a programa\u00e7\u00e3o<\/p>\n","protected":false},"author":1,"featured_media":0,"parent":0,"menu_order":0,"comment_status":"closed","ping_status":"closed","template":"","meta":{"_joinchat":[],"footnotes":""},"class_list":["post-1644","page","type-page","status-publish",""],"_links":{"self":[{"href":"https:\/\/abrilverde.com.br\/portal\/wp-json\/wp\/v2\/pages\/1644","targetHints":{"allow":["GET"]}}],"collection":[{"href":"https:\/\/abrilverde.com.br\/portal\/wp-json\/wp\/v2\/pages"}],"about":[{"href":"https:\/\/abrilverde.com.br\/portal\/wp-json\/wp\/v2\/types\/page"}],"author":[{"embeddable":true,"href":"https:\/\/abrilverde.com.br\/portal\/wp-json\/wp\/v2\/users\/1"}],"replies":[{"embeddable":true,"href":"https:\/\/abrilverde.com.br\/portal\/wp-json\/wp\/v2\/comments?post=1644"}],"version-history":[{"count":31,"href":"https:\/\/abrilverde.com.br\/portal\/wp-json\/wp\/v2\/pages\/1644\/revisions"}],"predecessor-version":[{"id":1681,"href":"https:\/\/abrilverde.com.br\/portal\/wp-json\/wp\/v2\/pages\/1644\/revisions\/1681"}],"wp:attachment":[{"href":"https:\/\/abrilverde.com.br\/portal\/wp-json\/wp\/v2\/media?parent=1644"}],"curies":[{"name":"wp","href":"https:\/\/api.w.org\/{rel}","templated":true}]}}

Ações Nacionais

<div data-elementor-type="wp-page" data-elementor-id="1644" class="elementor elementor-1644">
									<section class="elementor-section elementor-top-section elementor-element elementor-element-6821a7a elementor-section-boxed elementor-section-height-default elementor-section-height-default wpr-particle-no wpr-jarallax-no wpr-parallax-no wpr-sticky-section-no" data-id="6821a7a" data-element_type="section">
						<div class="elementor-container elementor-column-gap-default">
					<div class="elementor-column elementor-col-100 elementor-top-column elementor-element elementor-element-2d9e380" data-id="2d9e380" data-element_type="column">
			<div class="elementor-widget-wrap elementor-element-populated">
								<div class="elementor-element elementor-element-2c1f312 elementor-widget elementor-widget-heading" data-id="2c1f312" data-element_type="widget" data-widget_type="heading.default">
				<div class="elementor-widget-container">
			<style>/*! elementor - v3.11.5 - 14-03-2023 */
.elementor-heading-title{padding:0;margin:0;line-height:1}.elementor-widget-heading .elementor-heading-title[class*=elementor-size-]>a{color:inherit;font-size:inherit;line-height:inherit}.elementor-widget-heading .elementor-heading-title.elementor-size-small{font-size:15px}.elementor-widget-heading .elementor-heading-title.elementor-size-medium{font-size:19px}.elementor-widget-heading .elementor-heading-title.elementor-size-large{font-size:29px}.elementor-widget-heading .elementor-heading-title.elementor-size-xl{font-size:39px}.elementor-widget-heading .elementor-heading-title.elementor-size-xxl{font-size:59px}</style><h2 class="elementor-heading-title elementor-size-default">Prefeitura de Uberlândia promove Seminário no dia 28 de Abril com Adir Souza e convidados.</h2>		</div>
				</div>
					</div>
		</div>
							</div>
		</section>
				<section class="elementor-section elementor-top-section elementor-element elementor-element-5c47bbf elementor-section-boxed elementor-section-height-default elementor-section-height-default wpr-particle-no wpr-jarallax-no wpr-parallax-no wpr-sticky-section-no" data-id="5c47bbf" data-element_type="section">
						<div class="elementor-container elementor-column-gap-default">
					<div class="elementor-column elementor-col-100 elementor-top-column elementor-element elementor-element-673c3d6" data-id="673c3d6" data-element_type="column">
			<div class="elementor-widget-wrap elementor-element-populated">
								<div class="elementor-element elementor-element-409b144 elementor-widget elementor-widget-text-editor" data-id="409b144" data-element_type="widget" data-widget_type="text-editor.default">
				<div class="elementor-widget-container">
			<style>/*! elementor - v3.11.5 - 14-03-2023 */
.elementor-widget-text-editor.elementor-drop-cap-view-stacked .elementor-drop-cap{background-color:#818a91;color:#fff}.elementor-widget-text-editor.elementor-drop-cap-view-framed .elementor-drop-cap{color:#818a91;border:3px solid;background-color:transparent}.elementor-widget-text-editor:not(.elementor-drop-cap-view-default) .elementor-drop-cap{margin-top:8px}.elementor-widget-text-editor:not(.elementor-drop-cap-view-default) .elementor-drop-cap-letter{width:1em;height:1em}.elementor-widget-text-editor .elementor-drop-cap{float:left;text-align:center;line-height:1;font-size:50px}.elementor-widget-text-editor .elementor-drop-cap-letter{display:inline-block}</style>				<h4><img loading="lazy" decoding="async" class=" wp-image-1658 alignleft" src="https://abrilverde.com.br/portal/wp-content/uploads/2023/03/Centro-Administrativo_Easy-Resize.com_-300x200.jpg" alt="" width="156" height="104" srcset="https://abrilverde.com.br/portal/wp-content/uploads/2023/03/Centro-Administrativo_Easy-Resize.com_-300x200.jpg 300w, https://abrilverde.com.br/portal/wp-content/uploads/2023/03/Centro-Administrativo_Easy-Resize.com_-1024x682.jpg 1024w, https://abrilverde.com.br/portal/wp-content/uploads/2023/03/Centro-Administrativo_Easy-Resize.com_-768x512.jpg 768w, https://abrilverde.com.br/portal/wp-content/uploads/2023/03/Centro-Administrativo_Easy-Resize.com_-310x205.jpg 310w, https://abrilverde.com.br/portal/wp-content/uploads/2023/03/Centro-Administrativo_Easy-Resize.com_.jpg 1280w" sizes="auto, (max-width: 156px) 100vw, 156px" />No dia 28 de abril de 2023 a <a href="https://www.uberlandia.mg.gov.br/" target="_blank" rel="noopener">Prefeitura de Uberlândia</a> estará promovendo o Seminário sobre o Abril Verde onde <a href="https://www.sintespar.com.br/" target="_blank" rel="noopener">Adir Souza</a> da <a href="https://www.gov.br/fundacentro/pt-br" target="_blank" rel="noopener">Fundacentro</a> falará sobre o <a href="/portal/marca/" rel="noopener">Movimento Abril Verde</a></h4>						</div>
				</div>
					</div>
		</div>
							</div>
		</section>
				<section class="elementor-section elementor-top-section elementor-element elementor-element-2b78b74 elementor-section-boxed elementor-section-height-default elementor-section-height-default wpr-particle-no wpr-jarallax-no wpr-parallax-no wpr-sticky-section-no" data-id="2b78b74" data-element_type="section">
						<div class="elementor-container elementor-column-gap-default">
					<div class="elementor-column elementor-col-100 elementor-top-column elementor-element elementor-element-fe649d0" data-id="fe649d0" data-element_type="column">
			<div class="elementor-widget-wrap elementor-element-populated">
								<div class="elementor-element elementor-element-e0e19aa elementor-widget elementor-widget-image" data-id="e0e19aa" data-element_type="widget" data-widget_type="image.default">
				<div class="elementor-widget-container">
			<style>/*! elementor - v3.11.5 - 14-03-2023 */
.elementor-widget-image{text-align:center}.elementor-widget-image a{display:inline-block}.elementor-widget-image a img[src$=".svg"]{width:48px}.elementor-widget-image img{vertical-align:middle;display:inline-block}</style>												<img loading="lazy" decoding="async" width="1243" height="492" src="https://abrilverde.com.br/portal/wp-content/uploads/2023/03/Seminario-Uberlandia-MG-Adir-Souza.png" class="attachment-2048x2048 size-2048x2048 wp-image-1650" alt="" srcset="https://abrilverde.com.br/portal/wp-content/uploads/2023/03/Seminario-Uberlandia-MG-Adir-Souza.png 1243w, https://abrilverde.com.br/portal/wp-content/uploads/2023/03/Seminario-Uberlandia-MG-Adir-Souza-300x119.png 300w, https://abrilverde.com.br/portal/wp-content/uploads/2023/03/Seminario-Uberlandia-MG-Adir-Souza-1024x405.png 1024w, https://abrilverde.com.br/portal/wp-content/uploads/2023/03/Seminario-Uberlandia-MG-Adir-Souza-768x304.png 768w" sizes="auto, (max-width: 1243px) 100vw, 1243px" />															</div>
				</div>
					</div>
		</div>
							</div>
		</section>
				<section class="elementor-section elementor-top-section elementor-element elementor-element-007250f elementor-section-boxed elementor-section-height-default elementor-section-height-default wpr-particle-no wpr-jarallax-no wpr-parallax-no wpr-sticky-section-no" data-id="007250f" data-element_type="section">
						<div class="elementor-container elementor-column-gap-default">
					<div class="elementor-column elementor-col-100 elementor-top-column elementor-element elementor-element-c4116cf" data-id="c4116cf" data-element_type="column">
			<div class="elementor-widget-wrap elementor-element-populated">
								<div class="elementor-element elementor-element-16654fa elementor-widget elementor-widget-text-editor" data-id="16654fa" data-element_type="widget" data-widget_type="text-editor.default">
				<div class="elementor-widget-container">
							<h5>Programação completa do Seminário</h5>						</div>
				</div>
					</div>
		</div>
							</div>
		</section>
				<section class="elementor-section elementor-top-section elementor-element elementor-element-b6c6e9b elementor-section-boxed elementor-section-height-default elementor-section-height-default wpr-particle-no wpr-jarallax-no wpr-parallax-no wpr-sticky-section-no" data-id="b6c6e9b" data-element_type="section">
						<div class="elementor-container elementor-column-gap-default">
					<div class="elementor-column elementor-col-100 elementor-top-column elementor-element elementor-element-9fa9406" data-id="9fa9406" data-element_type="column">
			<div class="elementor-widget-wrap elementor-element-populated">
								<div class="elementor-element elementor-element-f355ec5 elementor-button-info elementor-invisible elementor-widget elementor-widget-button" data-id="f355ec5" data-element_type="widget" data-settings="{&quot;_animation&quot;:&quot;fadeInDown&quot;}" data-widget_type="button.default">
				<div class="elementor-widget-container">
					<div class="elementor-button-wrapper">
			<a href="/portal/wp-content/uploads/2023/03/Uberlandia-PROGRAMACAO-ABRIL-VERDE-2023.pdf" target="_blank" class="elementor-button-link elementor-button elementor-size-sm elementor-animation-pop" role="button">
						<span class="elementor-button-content-wrapper">
						<span class="elementor-button-text">Clique aqui para baixar em PDF a programação</span>
		</span>
					</a>
		</div>
				</div>
				</div>
					</div>
		</div>
							</div>
		</section>
							</div>

<p>Prefeitura de Uberlândia promove Seminário no dia 28 de Abril com Adir Souza e convidados. No dia 28 de abril de 2023 a Prefeitura de Uberlândia estará promovendo o Seminário sobre o Abril Verde onde Adir Souza da Fundacentro falará sobre o Movimento Abril Verde Programação completa do Seminário Clique aqui para baixar em PDF a programação</p>
